y m?
13
Let w be (-6)/(-8)*(0 - -4). Suppose -4*m + 24 = 4*i - 20, w*m - 4*i - 19 = 0. Suppose 4*k - 25 = 3*k. What is the remainder when k is divided by m?
7
Let w = 28 + -12. Let u be (-170)/(-7) + 4/(-14). Suppose 3*z - u = -z. Calculate the remainder when w is divided by z.
4
Calculate the remainder when 2/(1 - (-45)/(-51)) is divided by 10.
7
Let g(l) = 2*l**3 + l**2 - 1. Let q(v) = 3*v**2. Let i(x) = -x**3 + x**2 + 3*x - 1. Let u be i(2). Calculate the remainder when q(u) is divided by g(1).
1
Let c(t) be the second derivative of t**3/3 + t**2/2 + 4*t. Suppose 7*q + 71 = 3*v + 3*q, -5*v + 100 = -3*q. What is the remainder when v is divided by c(4)?
8
Let r = -10 - 7. Let d = -12 - r. Calculate the remainder when 19 is divided by d.
4
Let k = 5 - 2. Suppose 0 = -4*i - 2*f + 130, -5*i + 170 = -2*f + k*f. What is the remainder when 35 is divided by (-2)/(-4) + i/2?
17
Let h = 55 + 150. Let f = h - 131. What is the remainder when f is divided by 19?
17
Let v(h) = 3*h - 30. What is the remainder when v(12) is divided by 21/6 + (-2)/(-4)?
2
What is the remainder when 2 + 2 - (-1 - 11) is divided by 6?
4
Let g = 218 + -167. Let y = 32 - 19. Calculate the remainder when g is divided by y.
12
Let c = 61 + -43. Let j be (4/(-3))/((-6)/(-81)). What is the remainder when 16 is divided by 4/j - (-112)/c?
4
Let h(j) = 21*j + 2. Let k be h(3). Let o = k + -23. Suppose d - o = -d. What is the remainder when d is divided by 6?
3
Suppose -2*x = -t - 7*x + 66, 4*t - 344 = -4*x. Calculate the remainder when t is divided by 31.
29
Let x(u) = -35*u**3 - u - 1. Calculate the remainder when x(-1) is divided by 9.
8
Let w(x) be the second derivative of -x**5/20 + 5*x**4/6 + 5*x**3/2 + 3*x**2 - x. Calculate the remainder when w(11) is divided by 13.
11
Let u = -26 - -42. Let j = 0 - -9. Calculate the remainder when u is divided by j.
7
Let v be (-56)/(-9) + 6/(-27). Suppose v = i + i. Suppose -45 = -0*b - i*b. What is the remainder when b is divided by 8?
7
Calculate the remainder when (-1 - 0/((-9)/3))*-66 is divided by 23.
20
Suppose 5*d = -6*n + n + 45, 4 = -4*d. Calculate the remainder when 36 is divided by n.
6
What is the remainder when 0 - -11*3/1 is divided by 18?
15
What is the remainder when 632/12 + 2/(-3) is divided by 28?
24
Let j be 2/(-8) + (-2)/(-8). Suppose 4*k + 24 - 68 = j. What is the remainder when 41 is divided by k?
8
Suppose 6*f - 2*f - 36 = 0. Calculate the remainder when (100 - -2)/3 - 0 is divided by f.
7
Suppose -n + 25 = 5*d, -2*d - 3*d + 25 = 4*n. Suppose -4*l + d*v + 65 = 0, 3*l - 29 = -4*v + 12. What is the remainder when 28 is divided by l?
13
Let i(w) = 6*w + 2. Let c be i(3). Suppose 0 = -4*o + c, 0 = -4*y - 2*o + 5*o + 33. Calculate the remainder when 45 is divided by y.
9
Let t = 10 + -7. Suppose 0*w - t*w = -9. Suppose -40 = -o - 4*o. Calculate the remainder when o is divided by w.
2
Suppose 0 = -6*g + 4*g. Suppose 7 + g = t. Calculate the remainder when t is divided by 5 + -1 + 1 + -1.
3
Let k(a) = -25*a - 1. Suppose -3*p = p - 20. Suppose 8 = x - p. What is the remainder when k(-2) is divided by x?
10
Suppose 41*z - 44*z = -117. What is the remainder when 193 is divided by z?
37
Let y be (-1700)/36 - (-4)/18. Let j = -14 - y. Let h = -19 + j. What is the remainder when 54 is divided by h?
12
Let h = 86 - 57. Calculate the remainder when h is divided by 8.
5
Suppose -3*g + 0*g = -51. Let t = -4 + g. Calculate the remainder when 23 is divided by t.
10
Suppose 22 = 3*l - 143. Suppose 28 = -9*m + 11*m. Calculate the remainder when l is divided by m.
13
Calculate the remainder when ((-15)/9)/((-7)/210) is divided by 13.
11
Suppose 4*v = -26 - 30. Let u be v/6 + (-4)/6. Let g(z) = z**3 + 3*z**2 + 1. Calculate the remainder when 2 is divided by g(u).
0
Suppose c = -2*d - c + 36, 0 = -d - 4*c + 24. What is the remainder when 23 is divided by d?
7
Let i = -39 + 62. Let c be 31 - 2*(-3)/(-2). Let g = c + -16. What is the remainder when i is divided by g?
11
Let j(a) = a**2 + 3*a - 1. Let i = 19 - -6. What is the remainder when i is divided by j(-5)?
7
Suppose 33 = -3*v + 111. Suppose 0*s + 4*s = -20. Let q(k) = -k**2 - 8*k - 6. What is the remainder when v is divided by q(s)?
8
Let f(l) = -1 - 3 - 5*l + 7*l. What is the remainder when 51 is divided by f(11)?
15
Suppose 537 = 5*s - s - g, 0 = -g - 1. Calculate the remainder when s is divided by 34.
32
Suppose 6*j = j - 5, -4*p - 4*j + 12 = 0. Suppose h - 100 = -p*h. What is the remainder when h is divided by 11?
9
Let q = 31 - -15. Let g = 3 + -8. What is the remainder when q is divided by (-78)/g + (-4)/(-10)?
14
Let n(h) = 2*h**2 + 7*h - 8. Let w = 9 + -15. What is the remainder when n(w) is divided by (-24)/40 + 344/40?
6
Let o(p) be the first derivative of 1 + 5*p - 1/2*p**2. Calculate the remainder when 28 is divided by o(-5).
8
Let g be (-1)/(-1)*2 + 3. Suppose -g*c = -0*c - 50. Calculate the remainder when c is divided by 6.
4
Let s = -1 + 3. Suppose -2*w + 0*w = -s. Calculate the remainder when -2 + 36/3*w is divided by 4.
2
Let p = -21 - -30. Calculate the remainder when p is divided by 5.
4
Suppose -4*u = -3*u - 36. Calculate the remainder when 64 is divided by u.
28
Let o be (-2)/(-8) + 225/(-20). Let l = -5 - o. What is the remainder when l is divided by 4?
2
Let s(f) = f + 5. Let l be s(-4). Suppose -3*h = -2*h - l. Calculate the remainder when 1 is divided by h.
0
Suppose 0 = -n - n. Suppose n = -q - q + 36. Suppose p = -3*p + 140. What is the remainder when p is divided by q?
17
Suppose 3*k - 97 = 59. Let f = k + -23. Calculate the remainder when f is divided by 10.
9
Suppose 5*v - 71 = 29. What is the remainder when 39 is divided by v?
19
What is the remainder when 46 is divided by (-34)/51 - (-38)/3?
10
What is the remainder when 98 is divided by (-26)/117 + 454/18?
23
Suppose 0 = q + 5*m - 22, -q + 6 = -2*m - 9. What is the remainder when 26 is divided by q?
9
Let f(k) = -k + 32. Let p be f(0). Suppose -4*w - 4*v + 236 = 0, -2*w + 0*v = v - 119. Let t = w - p. Calculate the remainder when t is divided by 10.
8
Let j(n) = -n**3 + 11*n**2 - 10*n - 1. Calculate the remainder when j(9) is divided by 25.
21
Suppose 0 = 3*h - h - 26. Calculate the remainder when 1/(1*1/24) is divided by h.
11
Suppose 0 = -4*t + 5*t + 6. Calculate the remainder when ((-32)/t)/(12/18) is divided by 5.
3
Let r(y) = -9*y - 5. Let w = 11 - 17. Suppose -3*u + 17 = -2*u. What is the remainder when r(w) is divided by u?
15
Let t(q) = -3*q - 29. Calculate the remainder when t(-12) is divided by 6.
1
What is the remainder when 39 is divided by (-14)/49 - 426/(-21)?
19
Let f(i) = 3*i - 1. Let h be f(-1). Let p be (-3)/6 + (-10)/h. Suppose -3*u + 9 = -p*u. Calculate the remainder when 17 is divided by u.
8
Suppose 0 = -t + 3, -103 = -3*c - 5*t + 68. What is the remainder when c is divided by 27?
25
Suppose -p - 420 = -5*p. Suppose -4*n + u = -n - 140, -p = -2*n + 3*u. Calculate the remainder when n is divided by 12.
9
Let p = -59 + 73. What is the remainder when p is divided by 8?
6
Let i(w) = 4*w - 42. Calculate the remainder when i(26) is divided by 21.
20
Let x(c) be the first derivative of -8*c**2 - 5*c + 1. What is the remainder when x(-4) is divided by 20?
19
Calculate the remainder when 2/4*(13 + 15) is divided by (1/3)/((-2)/(-30)).
4
Let o = -16 - -46. Let t(u) = -u**3 - 8*u**2 + 9*u + 6. Let x be t(-9). Suppose f + o = x*f. Calculate the remainder when 11 is divided by f.
5
What is the remainder when ((-2 - -2) + 16)*1 is divided by -4*(9/(-4))/1?
7
Suppose 3*s - 6*s - 9 = 0, -a = -3*s - 16. Suppose -2*m - 4*v - 1 = -a, 26 = 4*m + v. Let j = 67 + -41. What is the remainder when j is divided by m?
5
Suppose -b - 10 - 39 = -2*z, -3*b + 96 = 3*z. What is the remainder when z is divided by 14?
13
Let s = 9 - 4. What is the remainder when s is divided by 2?
1
Suppose o = 4*o - 33. Let d(k) = 6*k + 3. What is the remainder when d(o) is divided by 24?
21
Let v(x) = 4*x**2 + 4*x + 3. What is the remainder when v(-2) is divided by (-5 - -1) + 4*2?
3
Calculate the remainder when 35 is divided by (-8)/(-60) + 716/30.
11
Calculate the remainder when 7 is divided by (1 + 2 - 1) + 2.
3
Suppose 2*m = -0*t + t - 5, -4*t + 50 = 2*m. What is the remainder when t is divided by 7?
4
Let z = 16 + 36. Calcul